58?
5
What is the ten thousands digit of 61698070?
9
What is the hundred thousands digit of 336999566?
9
What is the ten millions digit of 531222741?
3
What is the thousands digit of 836737734?
7
What is the hundred thousands digit of 138167569?
1
What is the millions digit of 127932925?
7
What is the millions digit of 356135364?
6
What is the hundred millions digit of 415428131?
4
What is the millions digit of 3499602916?
9
What is the ten thousands digit of 119040515?
4
What is the ten millions digit of 104567065?
0
What is the tens digit of 2762166990?
9
What is the hundred thousands digit of 42256370?
2
What is the billions digit of 4619513175?
4
What is the hundreds digit of 948125540?
5
What is the tens digit of 81791848?
4
What is the hundred thousands digit of 1264326136?
3
What is the units digit of 37692423?
3
What is the tens digit of 661593594?
9
What is the hundred millions digit of 2169567256?
1
What is the ten millions digit of 2994888078?
9
What is the thousands digit of 47872031?
2
What is the hundred thousands digit of 2575847961?
8
What is the ten thousands digit of 33250367?
5
What is the ten thousands digit of 2496739835?
3
What is the hundred millions digit of 248464853?
2
What is the ten millions digit of 2251904006?
5
What is the thousands digit of 213018342?
8
What is the hundred thousands digit of 132860394?
8
What is the millions digit of 79779960?
9
What is the millions digit of 4741818063?
1
What is the thousands digit of 71192460?
2
What is the thousands digit of 6587?
6
What is the hundreds digit of 1102443520?
5
What is the hundreds digit of 195521986?
9
What is the units digit of 48434628?
8
What is the thousands digit of 135691634?
1
What is the thousands digit of 151102833?
2
What is the hundreds digit of 247503447?
4
What is the units digit of 286999972?
2
What is the hundreds digit of 412329810?
8
What is the ten thousands digit of 2694293257?
9
What is the hundreds digit of 50289789?
7
What is the tens digit of 8564073?
7
What is the hundreds digit of 55231564?
5
What is the ten thousands digit of 13458008?
5
What is the ten thousands digit of 729343399?
4
What is the hundred thousands digit of 1294184650?
1
What is the hundred millions digit of 2118105373?
1
What is the hundreds digit of 39139561?
5
What is the ten thousands digit of 5769908570?
0
What is the millions digit of 881193809?
1
What is the ten millions digit of 779435493?
7
What is the millions digit of 6923662?
6
What is the thousands digit of 495396010?
6
What is the units digit of 286812358?
8
What is the hundred millions digit of 2682325944?
6
What is the units digit of 85663552?
2
What is the hundreds digit of 337582149?
1
What is the ten millions digit of 604103506?
0
What is the hundred millions digit of 115183570?
1
What is the thousands digit of 101696128?
6
What is the ten millions digit of 91573155?
9
What is the thousands digit of 1013272612?
2
What is the hundred thousands digit of 166077655?
0
What is the tens digit of 261799564?
6
What is the tens digit of 99330580?
8
What is the hundred thousands digit of 112616434?
6
What is the billions digit of 2917115218?
2
What is the millions digit of 2989890613?
9
What is the millions digit of 5084043?
5
What is the ten millions digit of 682912607?
8
What is the hundred thousands digit of 722454417?
4
What is the ten thousands digit of 2568720590?
2
What is the tens digit of 19664282?
8
What is the millions digit of 823771898?
3
What is the hundred thousands digit of 1314671020?
6
What is the millions digit of 300913911?
0
What is the millions digit of 78811295?
8
What is the tens digit of 6221256355?
5
What is the hundred thousands digit of 655401448?
4
What is the ten thousands digit of 135316034?
1
What is the units digit of 8879444?
4
What is the tens digit of 382153038?
3
What is the thousands digit of 187504626?
4
What is the thousands digit of 156139628?
9
What is the ten thousands digit of 25859739?
5
What is the hundred thousands digit of 22461341?
4
What is the hundreds digit of 59857198?
1
What is the millions digit of 96728648?
6
What is the hundred millions digit of 8774307581?
7
What is the tens digit of 2944411432?
3
What is the tens digit of 1151050832?
3
What is the tens digit of 801994034?
3
What is the ten millions digit of 591044914?
9
What is the billions digit of 1025852994?
1
What is the millions digit of 4534397552?
4
What is the hundred millions digit of 190740864?
1
What is the hundred thousands digit of 22543277?
5
What is the ten thousands digit of 92722658?
2
What is the thousands digit of 91682147?
2
What is the hundreds digit of 15075543?
5
What is the ten millions digit of 33563681?
3
What is the thousands digit of 72708060?
8
What is the tens digit of 29885698?
9
What is the tens digit of 438200487?
8
What is the ten thousands digit of 3396649907?
4
What is the hundred millions digit of 1573054024?
5
What is the ten millions digit of 6909640125?
0
What is the millions digit of 1088801517?
8
What is the thousands digit of 117323400?
3
What is the hundreds digit of 434896257?
2
What is the units digit of 202003492?
2
What is the ten thousands digit of 404990547?
9
What is the units digit of 133885360?
0
What is the hundred thousands digit of 7627348443?
3
What is the millions digit of 785328231?
5
What is the millions digit of 567002022?
7
What is the thousands digit of 1541912075?
2
What is the hundred millions digit of 456856954?
4
What is the tens digit of 1650201944?
4
What is the ten thousands digit of 57500959?
0
What is the millions digit of 38941695?
8
What is the thousands digit of 4046888219?
8
What is the thousands digit of 5914276215?
6
What is the millions digit of 45629486?
5
What is the hundreds digit of 3143399715?
7
What is the millions digit of 2449474207?
9
What is the ten millions digit of 6110076449?
1
What is the ten millions digit of 232475765?
3
What is the ten millions digit of 44216253?
4
What is the hundreds digit of 318271899?
8
What is the ten thousands digit of 398329084?
2
What is the hundreds digit of 30894016?
0
What is the tens digit of 71551186?
8
What is the ten millions digit of 92406703?
9
What is the hundred thousands digit of 380753628?
7
What is the ten thousands digit of 547842374?
4
What is the thousands digit of 115973284?
3
What is the ten thousands digit of 18279447?
7
What is the thousands digit of 28602547?
2
What is the hundred millions digit of 253174147?
2
What is the millions digit of 31920623?
1
What is the hundred thousands digit of 4371580422?
5
What is the hundreds digit of 49754344?
3
What is the tens digit of 1960845024?
2
What is the hundred millions digit of 196225076?
1
What is the units digit of 4481526788?
8
What is the ten millions digit of 79978787?
7
What is the millions digit of 1646191643?
6
What is the thousands digit of 985151199?
1
What is the thousands digit of 105908224?
8
What is the thousands digit of 91600289?
0
What is the units digit of 10574545?
5
What is the millions digit of 16298161?
6
What is the units digit of 286246934?
4
What is the hundreds digit of 19099672?
6
What is the hundred thousands digit of 1773166869?
1
What is the ten thousands digit of 278060672?
6
What is the hundreds digit of 77634112?
1
What is the thousands digit of 100188480?
8
What is the ten thousands digit of 27186267?
8
What is the hundreds digit of 12385475?
4
What is the ten millions digit of 75434938?
7
What is the hundreds digit of 1279043227?
2
What is the hundreds digit of 87727503?
5
What is the units digit of 120523618?
8
What is the billions digit of 2175326732?
2
What is the tens digit of 265423305?
0
What is the thousands digit of 138382293?
2
What is the hundred millions digit of 5859991676?
8
What is the ten millions digit of 402141697?
0
What is the ten thousands digit of 24298483?
9
What is the tens digit of 18318984?
8
What is the ten thousands digit of 2445473901?
7
What is the millions digit of 182328401?
2
What is the ten millions digit of 229987533?
2
What is the tens digit of 826190911?
1
What is the ten millions digit of 1481219863?
8
What is the hundreds digit of 101783509?
5
What is the hundred thousands digit of 109104572?
1
What is the millions digit of 278005475?
8
What